c (base 15) to base 7
-46355412
Convert 101101100101111011 (base 2) to base 16.
2d97b
Convert -2de67 (base 16) to base 14.
-4c731
Convert 3bd4 (base 15) to base 4.
3013333
What is 20103001223 (base 4) in base 12?
88a88b
Convert -10032030013 (base 4) to base 13.
-2c9965
What is 21200022212112 (base 3) in base 14?
783292
1424606 (base 7) to base 11
120846
What is 280900 (base 10) in base 5?
32442100
Convert 20212104 (base 6) to base 15.
b6047
Convert b081aa (base 12) to base 9.
5153004
What is 304441412 (base 5) in base 9?
2314122
Convert -3b03b1 (base 12) to base 6.
-32522341
What is 1142024 (base 8) in base 14?
81b80
What is 1110013 (base 7) in base 8?
413243
Convert -44444121 (base 8) to base 2.
-100100100100100001010001
What is -efc8 (base 16) in base 6?
-1152104
12233210221 (base 4) to base 3
10022210212011
12227 (base 12) to base 7
131314
Convert -10001001101110000010010 (base 2) to base 5.
-2123402121
-131212032322 (base 4) to base 11
-441a315
Convert -276616 (base 8) to base 4.
-113312032
What is 7514730 (base 9) in base 7?
46133604
Convert -101284 (base 15) to base 10.
-763324
Convert 26633012 (base 7) to base 3.
11122002022112
2331223 (base 5) to base 3
2011120001
Convert 7664007 (base 10) to base 12.
2697233
Convert 69ac8 (base 16) to base 2.
1101001101011001000
Convert -5105341 (base 8) to base 14.
-2708a5
Convert -14e3a (base 16) to base 12.
-41622
-1244562 (base 9) to base 5
-133213120
What is -10142454 (base 7) in base 10?
-850875
1698b0 (base 15) to base 7
12211530
Convert 444233314 (base 5) to base 10.
1946084
Convert -11021301023 (base 4) to base 9.
-2477762
11222020112221 (base 3) to base 4
22011011323
What is 33063106 (base 7) in base 14?
53c906
What is 6bacf (base 16) in base 7?
3514554
2811876 (base 9) to base 2
101111000110001110001
-5796a (base 11) to base 15
-19be2
8442074 (base 9) to base 15
5e2dcd
764 (base 15) to base 5
23134
1763732 (base 9) to base 2
11110000111100110101
What is 220300122 (base 4) in base 8?
506032
b3a28 (base 13) to base 15
65841
What is -156a3 (base 14) in base 15?
-10c8a
What is 114422234 (base 5) in base 8?
2051047
-18414 (base 14) to base 12
-2b496
Convert 74835 (base 10) to base 9.
123580
Convert 8ccbcd (base 15) to base 5.
3210210133
Convert 1d3eb1 (base 15) to base 13.
3b1415
1411103 (base 7) to base 8
556431
-301330 (base 6) to base 15
-7030
What is 2404034 (base 6) in base 15?
271d7
What is 28297 (base 14) in base 4?
120033231
Convert -53c39 (base 13) to base 14.
-3d2b6
What is -9677 (base 16) in base 4?
-21121313
Convert -bb866 (base 12) to base 4.
-330220032
What is -1bcaf (base 16) in base 13?
-3ca7b
Convert 24f3ce (base 16) to base 11.
1404515
Convert -96920c (base 14) to base 2.
-10011011100001001001100
27768 (base 16) to base 15
32d60
Convert -222323301 (base 5) to base 13.
-283ca3
What is 2a68c4 (base 15) in base 13?
568aa7
322324 (base 5) to base 16
2ad4
What is 43000433 (base 5) in base 12?
154059
Convert -28b786 (base 12) to base 4.
-2212322112
1424255 (base 11) to base 16
2564f1
-12143 (base 6) to base 8
-3377
1223445 (base 7) to base 14
41495
Convert -83157 (base 10) to base 8.
-242325
Convert -33223041 (base 5) to base 7.
-2312664
What is -373715 (base 9) in base 16?
-37232
Convert 4300223 (base 6) to base 2.
110011010001110111
Convert 1120110101 (base 3) to base 12.
15ab4
Convert 12408 (base 13) to base 12.
17573
What is 244112 (base 8) in base 7?
500010
What is -1201210102 (base 3) in base 9?
-51712
-c363a (base 14) to base 5
-110023302
What is 16342728 (base 10) in base 8?
76257310
-56812 (base 9) to base 15
-b328
11110110 (base 5) to base 10
97530
-1646511 (base 8) to base 7
-4032103
What is 1896345 (base 12) in base 4?
103233031211
What is -7a274 (base 15) in base 10?
-388684
98d9 (base 14) to base 16
6757
Convert 12012221100 (base 3) to base 13.
379c5
-10111010110011011101001 (base 2) to base 4
-113112123221
Convert d42c8 (base 15) to base 8.
2441007
6346223 (base 7) to base 4
2323201130
Convert 21032213301 (base 4) to base 8.
11164761
Convert 7c062 (base 13) to base 9.
374463
-121000 (base 3) to base 6
-2000
What is -22313 (base 13) in base 9?
-104082
Convert 2312333323 (base 4) to base 5.
142441223
-818172 (base 11) to base 7
-14111414
Convert -110010110001000000 (base 2) to base 15.
-41926
What is 1857e (base 16) in base 4?
120111332
Convert -1231103330 (base 4) to base 15.
-8c9e5
What is -4180b (base 14) in base 13?
-56bab
What is -41142120 (base 7) in base 12?
-119a199
What is 1ec4a (base 16) in base 13?
45494
Convert -15016326 (base 7) to base 16.
-159cde
Convert 856450 (base 13) to base 16.
2fb720
803208 (base 15) to base 13
1350c4a
-121221221011 (base 3) to base 13
-b8c45
What is 156c835 (base 14) in base 10?
10483695
-111122131010 (base 4) to base 12
-1a68598
What is -547a0d (base 14) in base 4?
-22323031131
-6204226 (base 7) to base 9
-1348411
Convert -16450244 (base 8) to base 16.
-3a50a4
What is 314144 (base 5) in base 6?
120501
What is -cdd50 (base 14) in base 2?
-1111001111001010010
Convert 5423440 (base 7) to base 15.
d101d
Convert 1499475 (base 11) to base 10.
2560079
What is 20220032 (base 5) in base 10?
163767
Convert -2100313011 (base 4) to base 16.
-90dc5
What is -45a005 (base 11) in base 15?
-e679e
-2003323 (base 6) to base 11
-64760
What is 130385 (base 10) in base 12?
63555
Convert 27a76 (base 13) to base 16.
12230
What is c2bc8b (base 14) in base 13?
148a574
What is 240a8 (base 14) in base 3?
11110122122
503525 (base 8) to base 10
165717
What is 332a6b (base 12) in base 13?
226490
26a988 (base 13) to base 5
220000210
What is 21201202000 (base 3) in base 2?
100101001001101100
What is 305475 (base 8) in base 11?
6a023
What is 700851 (base 12) in base 16?
1a98bd
Convert 6290c3 (base 13) to base 15.
307d92
What is -100404211 (base 5) in base 9?
-674664
-131099 (base 12) to base 14
-8204d
What is -3014040042 (base 5) in base 10?
-6002522
Convert -68001 (base 9) to base 11.
-30a60
What is -205215204 (base 7) in base 2?
-101110010111101100011111
Convert -b7436 (base 16) to base 15.
-ec631
Convert 5625264 (base 8) to base 16.
172ab4
What is -256d7bd (base 14) in base 10?
-18015899
What is -1166012 (base 7) in base 12?
-73415
185387 (base 9) to base 7
660514
Convert 2617d (base 14) to base 12.
46203
Convert -d5695 (base 14) to base 8.
-1754603
Convert 1442535 (base 6) to base 7.
465446
Convert 4082a (base 15) to base 8.
617064
-4265221 (base 8) to base 9
-2128624
What is 5caf72 (base 16) in base 5?
3023333401
Convert -11084 (base 13) to base 10.
-30866
-8b2ca (base 13) to base 8
-756347
-2244011 (base 6) to base 15
-240b4
Convert 11404606 (base 8) to base 16.
260986
101001001010101001101 (base 2) to base 10
1348941
-160cb (base 13) to base 16
-a3b6
What is 102211023121 (base 4) in base 10?
4870873
What is 1011101010010111 (base 2) in base 16?
ba97
-45990 (base 15) to base 2
-110110000101011111
1244344322 (base 5) to base 8
13721255
1074411 (base 8) to base 11
190261
What is 132101202012 (base 4) in base 5?
4012424014
52a1 (base 13) to base 14
4262
4944009 (base 10) to base 2
10010110111000010001001
19f7b (base 16) to base 13
3954a
110010000000000000111000 (base 2) to base 9
26586687
-637c7 (base 13) to base 3
-100002221212
Convert 14032322 (base 5) to base 8.
426765
Convert -6355262 (base 10) to base 4.
-120033210332
-4cf705 (base 16) to base 14
-95427b
What is 33013203 (base 4) in base 16?
f1e3
86c9c1 (base 14) to base 16
45b38d
Convert 11321023 (base 4) to base 14.
8b23
b6337 (base 14) to base 13
125184
-d8c4 (base 16) to base 13
-1c348
-34312424 (base 5) to base 2
-1001011000000100111
What is -34441 (base 11) in base 6?
-1022240
What is -424441 (base 8) in base 7?
-1126555
Convert 200220100100122 (base 3) to base 15.
d3651b
What is 102102222201 (base 3) in base 9?
372881
Convert -784612 (base 9) to base 14.
-c3016
What is -2b57c (base 15) in base 8?
-420541
-32b981a (base 12) to base 8
-45002126
Convert -1211014244 (base 5) to base 3.
-12022202002210
2334052 (base 6) to base 9
204505
Convert 11010100001010001101001 (base 2) to base 5.
3234431131
Convert -21127 (base 12) to base 8.
-124557
6047a5 (base 11) to base 10
972592
7303aa (base 14) to base 15
519cbe
Convert 23600101 (base 7) to base 3.
10221201221001
15f30 (base 16) to base 13
31bc9
Convert